{"id":2021,"date":"2024-08-05T14:29:07","date_gmt":"2024-08-05T14:29:07","guid":{"rendered":"http:\/\/74.208.156.42\/CpcMichoacan\/?page_id=2021"},"modified":"2025-03-18T22:48:20","modified_gmt":"2025-03-18T22:48:20","slug":"integracion","status":"publish","type":"page","link":"https:\/\/cpcmichoacan.org\/index.php\/integracion\/","title":{"rendered":"Integracion"},"content":{"rendered":"<div class=\"fusion-fullwidth fullwidth-box fusion-builder-row-1 fusion-flex-container has-pattern-background has-mask-background nonhundred-percent-fullwidth non-hundred-percent-height-scrolling\" style=\"--awb-border-radius-top-left:0px;--awb-border-radius-top-right:0px;--awb-border-radius-bottom-right:0px;--awb-border-radius-bottom-left:0px;--awb-flex-wrap:wrap;\" ><div class=\"awb-background-mask\" style=\"background-image:  url(data:image\/svg+xml;utf8,%3Csvg%20width%3D%221920%22%20height%3D%22954%22%20fill%3D%22none%22%20xmlns%3D%22http%3A%2F%2Fwww.w3.org%2F2000%2Fsvg%22%3E%3Cg%20clip-path%3D%22url%28%23prefix__prefix__clip0_77_23452%29%22%3E%3Cpath%20fill-rule%3D%22evenodd%22%20clip-rule%3D%22evenodd%22%20d%3D%22M1353%20308.5c0%20255.507-131.58%20485.45-341.45%20645.5-187.291%20142.83-436.933%20230-711.05%20230C-280.78%201184-752%20792.025-752%20308.5S-280.78-567%20300.5-567c450.743%200%20835.31%20235.692%20985.3%20567%2043.44%2095.948%2067.2%20199.916%2067.2%20308.5z%22%20fill%3D%22rgba%2896%2C148%2C225%2C1%29%22%2F%3E%3Cpath%20d%3D%22M1321.57%20538C1357.08%20287.516%201273.7%2089.91%201127-.418L1374.18-6c65.77%20100.68-15.89%20431.512-52.61%20544zM312%20955c432.242%200%20746.77-180.667%20850-271-90.34%20157.09-176.766%20246.121-208.688%20271H312z%22%20fill%3D%22rgba%2896%2C148%2C225%2C1%29%22%20fill-opacity%3D%22.25%22%2F%3E%3Cpath%20d%3D%22M1344.5%20427c0-252.4-212.67-390.833-319-428.5H1373c70%2082.4%2010.17%20320-28.5%20428.5z%22%20fill%3D%22rgba%2896%2C148%2C225%2C1%29%22%20fill-opacity%3D%22.1%22%2F%3E%3Cpath%20fill-rule%3D%22evenodd%22%20clip-rule%3D%22evenodd%22%20d%3D%22M1337%20184.5c0%20324.402-198.63%20609.049-497.356%20769.5H0V0h1285.8c-149.99-331.308-534.557-567-985.3-567C-280.78-567-752-175.025-752%20308.5c0%2040.898%203.371%2081.142%209.895%20120.549C-617.527%20811.461-207.995%201092%20278%201092c206.311%200%20398.842-50.56%20561.644-138h171.906C1221.42%20793.95%201353%20564.007%201353%20308.5c0-53.218-5.71-105.326-16.64-155.925.42%2010.596.64%2021.239.64%2031.925z%22%20fill%3D%22rgba%2896%2C148%2C225%2C1%29%22%20fill-opacity%3D%22.5%22%2F%3E%3C%2Fg%3E%3Cdefs%3E%3CclipPath%20id%3D%22prefix__prefix__clip0_77_23452%22%3E%3Cpath%20fill%3D%22rgba%2896%2C148%2C225%2C1%29%22%20d%3D%22M0%200h1920v954H0z%22%2F%3E%3C%2FclipPath%3E%3C%2Fdefs%3E%3C%2Fsvg%3E);opacity: 1 ;transform: scale(1, 1);mix-blend-mode:normal;\"><\/div><div class=\"fusion-builder-row fusion-row fusion-flex-align-items-flex-start fusion-flex-content-wrap\" style=\"max-width:1248px;margin-left: calc(-4% \/ 2 );margin-right: calc(-4% \/ 2 );\"><div class=\"fusion-layout-column fusion_builder_column fusion-builder-column-0 fusion_builder_column_1_1 1_1 fusion-flex-column\" style=\"--awb-bg-size:cover;--awb-width-large:100%;--awb-margin-top-large:0px;--awb-spacing-right-large:1.92%;--awb-margin-bottom-large:0px;--awb-spacing-left-large:1.92%;--awb-width-medium:100%;--awb-order-medium:0;--awb-spacing-right-medium:1.92%;--awb-spacing-left-medium:1.92%;--awb-width-small:100%;--awb-order-small:0;--awb-spacing-right-small:1.92%;--awb-spacing-left-small:1.92%;\"><div class=\"fusion-column-wrapper fusion-column-has-shadow fusion-flex-justify-content-flex-start fusion-content-layout-column\"><div class=\"fusion-text fusion-text-1 fusion-animated\" data-animationType=\"fadeInLeft\" data-animationDuration=\"1.5\" data-animationDelay=\"0.3\" data-animationOffset=\"top-into-view\"><p>Integracion del CPC Michoac\u00e1n<\/p>\n<\/div><div class=\"fusion-text fusion-text-2 fusion-animated\" style=\"--awb-content-alignment:justify;\" data-animationType=\"fadeInLeft\" data-animationDuration=\"1.7\" data-animationDelay=\"0.4\" data-animationOffset=\"top-into-view\"><h1 class=\"wp-block-heading\">\u00bfQu\u00e9 es el Comit\u00e9 de Participaci\u00f3n Ciudadana?<\/h1>\n<p>El Comit\u00e9 de Participaci\u00f3n Ciudadana (CPC) es un organismo de car\u00e1cter colegiado que forma parte fundamental del Sistema Estatal Anticorrupci\u00f3n, trabajando de manera conjunta con el Comit\u00e9 Coordinador. Su principal funci\u00f3n es contribuir al logro de los objetivos establecidos por el Comit\u00e9 Coordinador, actuando como un puente de comunicaci\u00f3n y colaboraci\u00f3n entre la ciudadan\u00eda, las organizaciones de la sociedad civil y las instituciones acad\u00e9micas que est\u00e1n vinculadas con las \u00e1reas de competencia del Sistema Estatal.<\/p>\n<p>El CPC desempe\u00f1a un papel crucial al fomentar la participaci\u00f3n activa de los ciudadanos en la lucha contra la corrupci\u00f3n, promoviendo la transparencia y la rendici\u00f3n de cuentas en la gesti\u00f3n p\u00fablica. Adem\u00e1s, este comit\u00e9 se encarga de canalizar las inquietudes, propuestas y demandas de la sociedad civil, asegurando que estas sean consideradas en la toma de decisiones y en la implementaci\u00f3n de pol\u00edticas p\u00fablicas orientadas a prevenir y combatir la corrupci\u00f3n.<\/p>\n<p>En resumen, el Comit\u00e9 de Participaci\u00f3n Ciudadana es un mecanismo esencial para garantizar que la voz de los ciudadanos sea escuchada y que se establezcan canales efectivos de colaboraci\u00f3n entre el gobierno y la sociedad, con el fin de fortalecer la integridad y la \u00e9tica en el \u00e1mbito p\u00fablico.<\/p>\n<\/div><\/div><\/div><div class=\"fusion-layout-column fusion_builder_column fusion-builder-column-1 fusion_builder_column_1_2 1_2 fusion-flex-column\" style=\"--awb-bg-size:cover;--awb-width-large:50%;--awb-margin-top-large:0px;--awb-spacing-right-large:3.84%;--awb-margin-bottom-large:0px;--awb-spacing-left-large:3.84%;--awb-width-medium:50%;--awb-order-medium:0;--awb-spacing-right-medium:3.84%;--awb-spacing-left-medium:3.84%;--awb-width-small:100%;--awb-order-small:0;--awb-spacing-right-small:1.92%;--awb-spacing-left-small:1.92%;\"><div class=\"fusion-column-wrapper fusion-column-has-shadow fusion-flex-justify-content-flex-start fusion-content-layout-column\"><div class=\"fusion-text fusion-text-3 fusion-animated\" data-animationType=\"fadeInLeft\" data-animationDuration=\"1.7\" data-animationDelay=\"0.3\" data-animationOffset=\"top-into-view\"><p><strong>Presidente<\/strong><\/p>\n<\/div><div class=\"fusion-text fusion-text-4 fusion-animated\" style=\"--awb-content-alignment:justify;\" data-animationType=\"fadeInLeft\" data-animationDuration=\"1.7\" data-animationDelay=\"0.4\" data-animationOffset=\"top-into-view\"><p><strong>L.A.E. Carlos Alberto Gami\u00f1o Garc\u00eda, Presidente del CPC Michoac\u00e1n 2025<\/strong><br \/>\nCatedr\u00e1dico en la Universidad Michoacana de San Nicol\u00e1s de Hidalgo y diversas universidades del Estado.<\/p>\n<\/div><div class=\"fusion-image-element \" style=\"text-align:center;--awb-caption-title-font-family:var(--h2_typography-font-family);--awb-caption-title-font-weight:var(--h2_typography-font-weight);--awb-caption-title-font-style:var(--h2_typography-font-style);--awb-caption-title-size:var(--h2_typography-font-size);--awb-caption-title-transform:var(--h2_typography-text-transform);--awb-caption-title-line-height:var(--h2_typography-line-height);--awb-caption-title-letter-spacing:var(--h2_typography-letter-spacing);\"><span class=\" fusion-imageframe imageframe-dropshadow imageframe-1 hover-type-none fusion-animated\" style=\"-webkit-box-shadow: 3px 3px 7px var(--awb-color7);box-shadow: 3px 3px 7px var(--awb-color7);\" data-animationType=\"fadeInLeft\" data-animationDuration=\"1.8\" data-animationDelay=\"0.5\" data-animationOffset=\"top-into-view\"><img decoding=\"async\" width=\"600\" height=\"400\" title=\"4281689\" src=\"https:\/\/cpcmichoacan.org\/wp-content\/uploads\/2025\/03\/4281689-scaled.jpg\" data-orig-src=\"http:\/\/74.208.156.42\/CpcMichoacan\/wp-content\/uploads\/2025\/03\/4281689-600x400.jpg\" alt class=\"lazyload img-responsive wp-image-3490\" srcset=\"data:image\/svg+xml,%3Csvg%20xmlns%3D%27http%3A%2F%2Fwww.w3.org%2F2000%2Fsvg%27%20width%3D%272560%27%20height%3D%271707%27%20viewBox%3D%270%200%202560%201707%27%3E%3Crect%20width%3D%272560%27%20height%3D%271707%27%20fill-opacity%3D%220%22%2F%3E%3C%2Fsvg%3E\" data-srcset=\"https:\/\/cpcmichoacan.org\/wp-content\/uploads\/2025\/03\/4281689-200x133.jpg 200w, https:\/\/cpcmichoacan.org\/wp-content\/uploads\/2025\/03\/4281689-400x267.jpg 400w, https:\/\/cpcmichoacan.org\/wp-content\/uploads\/2025\/03\/4281689-600x400.jpg 600w, https:\/\/cpcmichoacan.org\/wp-content\/uploads\/2025\/03\/4281689-800x533.jpg 800w, https:\/\/cpcmichoacan.org\/wp-content\/uploads\/2025\/03\/4281689-1200x800.jpg 1200w, https:\/\/cpcmichoacan.org\/wp-content\/uploads\/2025\/03\/4281689-scaled.jpg 2560w\" data-sizes=\"auto\" data-orig-sizes=\"(max-width: 800px) 100vw, 600px\" \/><\/span><\/div><\/div><\/div><div class=\"fusion-layout-column fusion_builder_column fusion-builder-column-2 fusion_builder_column_1_2 1_2 fusion-flex-column\" style=\"--awb-bg-size:cover;--awb-width-large:50%;--awb-margin-top-large:0px;--awb-spacing-right-large:3.84%;--awb-margin-bottom-large:0px;--awb-spacing-left-large:3.84%;--awb-width-medium:50%;--awb-order-medium:0;--awb-spacing-right-medium:3.84%;--awb-spacing-left-medium:3.84%;--awb-width-small:100%;--awb-order-small:0;--awb-spacing-right-small:1.92%;--awb-spacing-left-small:1.92%;\"><div class=\"fusion-column-wrapper fusion-column-has-shadow fusion-flex-justify-content-flex-start fusion-content-layout-column\"><div class=\"fusion-image-element \" style=\"text-align:center;--awb-bottom-shadow-color:var(--awb-color7);--awb-caption-title-font-family:var(--h2_typography-font-family);--awb-caption-title-font-weight:var(--h2_typography-font-weight);--awb-caption-title-font-style:var(--h2_typography-font-style);--awb-caption-title-size:var(--h2_typography-font-size);--awb-caption-title-transform:var(--h2_typography-text-transform);--awb-caption-title-line-height:var(--h2_typography-line-height);--awb-caption-title-letter-spacing:var(--h2_typography-letter-spacing);\"><div class=\"awb-image-frame awb-image-frame-2 awb-bottomshadow fusion-animated\" data-animationType=\"fadeInRight\" data-animationDuration=\"1.8\" data-animationDelay=\"0.4\" data-animationOffset=\"top-into-view\"><span class=\" fusion-imageframe imageframe-bottomshadow imageframe-2 hover-type-none\"><img decoding=\"async\" width=\"790\" height=\"790\" title=\"Foto-Carlos-Gamino-conferencia.-scaled (1)\" src=\"https:\/\/cpcmichoacan.org\/wp-content\/uploads\/2025\/03\/Foto-Carlos-Gamino-conferencia.-scaled-1-1.webp\" data-orig-src=\"http:\/\/74.208.156.42\/CpcMichoacan\/wp-content\/uploads\/2025\/03\/Foto-Carlos-Gamino-conferencia.-scaled-1-1.webp\" alt class=\"lazyload img-responsive wp-image-3480\" srcset=\"data:image\/svg+xml,%3Csvg%20xmlns%3D%27http%3A%2F%2Fwww.w3.org%2F2000%2Fsvg%27%20width%3D%27790%27%20height%3D%27790%27%20viewBox%3D%270%200%20790%20790%27%3E%3Crect%20width%3D%27790%27%20height%3D%27790%27%20fill-opacity%3D%220%22%2F%3E%3C%2Fsvg%3E\" data-srcset=\"https:\/\/cpcmichoacan.org\/wp-content\/uploads\/2025\/03\/Foto-Carlos-Gamino-conferencia.-scaled-1-1-200x200.webp 200w, https:\/\/cpcmichoacan.org\/wp-content\/uploads\/2025\/03\/Foto-Carlos-Gamino-conferencia.-scaled-1-1-400x400.webp 400w, https:\/\/cpcmichoacan.org\/wp-content\/uploads\/2025\/03\/Foto-Carlos-Gamino-conferencia.-scaled-1-1-600x600.webp 600w, https:\/\/cpcmichoacan.org\/wp-content\/uploads\/2025\/03\/Foto-Carlos-Gamino-conferencia.-scaled-1-1.webp 790w\" data-sizes=\"auto\" data-orig-sizes=\"(max-width: 800px) 100vw, 600px\" \/><\/span><svg xmlns=\"http:\/\/www.w3.org\/2000\/svg\" version=\"1.1\" width=\"100%\" viewBox=\"0 0 600 28\" preserveAspectRatio=\"none\"><g clip-path=\"url(#a)\"><mask id=\"b\" style=\"mask-type:luminance\" maskUnits=\"userSpaceOnUse\" x=\"0\" y=\"0\" width=\"600\" height=\"28\"><path d=\"M0 0h600v28H0V0Z\" fill=\"#fff\"\/><\/mask><g filter=\"url(#c)\" mask=\"url(#b)\"><path d=\"M16.439-18.667h567.123v30.8S438.961-8.4 300-8.4C161.04-8.4 16.438 12.133 16.438 12.133v-30.8Z\" fill=\"#000\"\/><\/g><\/g><defs><clipPath id=\"a\"><path fill=\"#fff\" d=\"M0 0h600v28H0z\"\/><\/clipPath><filter id=\"c\" x=\"5.438\" y=\"-29.667\" width=\"589.123\" height=\"52.8\" filterUnits=\"userSpaceOnUse\" color-interpolation-filters=\"sRGB\"><feFlood flood-opacity=\"0\" result=\"BackgroundImageFix\"\/><feBlend in=\"SourceGraphic\" in2=\"BackgroundImageFix\" result=\"shape\"\/><feGaussianBlur stdDeviation=\"5.5\" result=\"effect1_foregroundBlur_3983_183\"\/><\/filter><\/defs><\/svg><\/div><\/div><\/div><\/div><div class=\"fusion-layout-column fusion_builder_column fusion-builder-column-3 fusion_builder_column_1_1 1_1 fusion-flex-column\" style=\"--awb-bg-size:cover;--awb-width-large:100%;--awb-margin-top-large:0px;--awb-spacing-right-large:1.92%;--awb-margin-bottom-large:0px;--awb-spacing-left-large:1.92%;--awb-width-medium:100%;--awb-order-medium:0;--awb-spacing-right-medium:1.92%;--awb-spacing-left-medium:1.92%;--awb-width-small:100%;--awb-order-small:0;--awb-spacing-right-small:1.92%;--awb-spacing-left-small:1.92%;\"><div class=\"fusion-column-wrapper fusion-column-has-shadow fusion-flex-justify-content-flex-start fusion-content-layout-column\"><div class=\"fusion-separator fusion-full-width-sep\" style=\"align-self: center;margin-left: auto;margin-right: auto;margin-bottom:30px;width:100%;\"><\/div><\/div><\/div><\/div><\/div>\n","protected":false},"excerpt":{"rendered":"","protected":false},"author":1,"featured_media":0,"parent":0,"menu_order":0,"comment_status":"closed","ping_status":"closed","template":"100-width.php","meta":{"footnotes":""},"class_list":["post-2021","page","type-page","status-publish","hentry"],"_links":{"self":[{"href":"https:\/\/cpcmichoacan.org\/index.php\/wp-json\/wp\/v2\/pages\/2021","targetHints":{"allow":["GET"]}}],"collection":[{"href":"https:\/\/cpcmichoacan.org\/index.php\/wp-json\/wp\/v2\/pages"}],"about":[{"href":"https:\/\/cpcmichoacan.org\/index.php\/wp-json\/wp\/v2\/types\/page"}],"author":[{"embeddable":true,"href":"https:\/\/cpcmichoacan.org\/index.php\/wp-json\/wp\/v2\/users\/1"}],"replies":[{"embeddable":true,"href":"https:\/\/cpcmichoacan.org\/index.php\/wp-json\/wp\/v2\/comments?post=2021"}],"version-history":[{"count":11,"href":"https:\/\/cpcmichoacan.org\/index.php\/wp-json\/wp\/v2\/pages\/2021\/revisions"}],"predecessor-version":[{"id":3493,"href":"https:\/\/cpcmichoacan.org\/index.php\/wp-json\/wp\/v2\/pages\/2021\/revisions\/3493"}],"wp:attachment":[{"href":"https:\/\/cpcmichoacan.org\/index.php\/wp-json\/wp\/v2\/media?parent=2021"}],"curies":[{"name":"wp","href":"https:\/\/api.w.org\/{rel}","templated":true}]}}