{"id":1431,"date":"2024-07-26T14:29:48","date_gmt":"2024-07-26T14:29:48","guid":{"rendered":"http:\/\/74.208.156.42\/CpcMichoacan\/?page_id=1431"},"modified":"2025-03-26T18:49:51","modified_gmt":"2025-03-26T18:49:51","slug":"acerca-del-cpc","status":"publish","type":"page","link":"https:\/\/cpcmichoacan.org\/index.php\/acerca-del-cpc\/","title":{"rendered":"Acerac del CPC"},"content":{"rendered":"<div class=\"fusion-fullwidth fullwidth-box fusion-builder-row-1 fusion-flex-container has-pattern-background has-mask-background fusion-parallax-none nonhundred-percent-fullwidth non-hundred-percent-height-scrolling lazyload\" style=\"--awb-border-radius-top-left:0px;--awb-border-radius-top-right:0px;--awb-border-radius-bottom-right:0px;--awb-border-radius-bottom-left:0px;--awb-padding-bottom:80px;--awb-background-image:linear-gradient(180deg, rgba(255,255,255,0.89) 0%,rgba(255,255,255,0.89) 100%);;--awb-background-size:cover;--awb-flex-wrap:wrap;\" data-bg=\"http:\/\/cpcmichoacan.org\/wp-content\/uploads\/2025\/03\/0-grande-562x351-1.jpg\" data-bg-gradient=\"linear-gradient(180deg, rgba(255,255,255,0.89) 0%,rgba(255,255,255,0.89) 100%)\" ><div class=\"awb-background-mask\" style=\"background-image:  url(data:image\/svg+xml;utf8,%3Csvg%20width%3D%221920%22%20height%3D%22954%22%20fill%3D%22none%22%20xmlns%3D%22http%3A%2F%2Fwww.w3.org%2F2000%2Fsvg%22%3E%3Cpath%20fill-rule%3D%22evenodd%22%20clip-rule%3D%22evenodd%22%20d%3D%22M1920%20445.163c-2.92%203.137-5.9%206.234-8.96%209.288-123.43%20123.436-316.13%20135.398-452.99%2035.887l245%20184.622c-116.76%20154.952-336.57%20186.262-490.94%2069.933-36.72-27.669-66.43-61.199-88.81-98.322l157.02%20271.978c-124.14%2071.672-282.874%2029.138-354.546-95.001-71.672-124.14-29.139-282.876%2094.996-354.548l95.91%20166.116c-64.81-117.365-58.83-267.08%2027.33-381.421l304.5%20229.454a353.453%20353.453%200%2001-32.44-28.698C1292.2%20330.576%201280.59%20136.947%201381.25%200H0v954h1920V445.163z%22%20fill%3D%22rgba%28212%2C216%2C233%2C1%29%22%2F%3E%3C%2Fsvg%3E);opacity: 1 ;transform: scale(1, 1);mix-blend-mode:normal;\"><\/div><div class=\"fusion-builder-row fusion-row fusion-flex-align-items-flex-start fusion-flex-content-wrap\" style=\"max-width:1248px;margin-left: calc(-4% \/ 2 );margin-right: calc(-4% \/ 2 );\"><div class=\"fusion-layout-column fusion_builder_column fusion-builder-column-0 fusion_builder_column_1_1 1_1 fusion-flex-column\" style=\"--awb-bg-size:cover;--awb-width-large:100%;--awb-margin-top-large:0px;--awb-spacing-right-large:1.92%;--awb-margin-bottom-large:0px;--awb-spacing-left-large:1.92%;--awb-width-medium:100%;--awb-order-medium:0;--awb-spacing-right-medium:1.92%;--awb-spacing-left-medium:1.92%;--awb-width-small:100%;--awb-order-small:0;--awb-spacing-right-small:1.92%;--awb-spacing-left-small:1.92%;\"><div class=\"fusion-column-wrapper fusion-column-has-shadow fusion-flex-justify-content-flex-start fusion-content-layout-column\"><div class=\"fusion-separator fusion-full-width-sep\" style=\"align-self: center;margin-left: auto;margin-right: auto;margin-top:25px;width:100%;\"><\/div><\/div><\/div><div class=\"fusion-layout-column fusion_builder_column fusion-builder-column-1 fusion_builder_column_3_5 3_5 fusion-flex-column\" style=\"--awb-padding-top:30px;--awb-padding-right:80px;--awb-padding-bottom:40px;--awb-bg-size:cover;--awb-width-large:60%;--awb-margin-top-large:0px;--awb-spacing-right-large:3.2%;--awb-margin-bottom-large:0px;--awb-spacing-left-large:3.2%;--awb-width-medium:60%;--awb-order-medium:0;--awb-spacing-right-medium:3.2%;--awb-spacing-left-medium:3.2%;--awb-width-small:100%;--awb-order-small:0;--awb-spacing-right-small:1.92%;--awb-spacing-left-small:1.92%;\"><div class=\"fusion-column-wrapper fusion-column-has-shadow fusion-flex-justify-content-flex-start fusion-content-layout-column\"><div class=\"fusion-title title fusion-title-1 fusion-sep-none fusion-title-text fusion-title-size-four fusion-animated line\" style=\"--awb-text-color:var(--awb-custom_color_1);--awb-margin-top-small:10px;--awb-margin-right-small:0px;--awb-margin-bottom-small:10px;--awb-margin-left-small:0px;\" data-animationType=\"fadeInLeft\" data-animationDuration=\"1.6\" data-animationDelay=\"0.4\" data-animationOffset=\"top-into-view\"><h4 class=\"fusion-title-heading title-heading-left\" style=\"margin:0;line-height:1.6;\"><span style=\"color: #0000ff;\">Que es el CPC Michoac\u00e0n<\/span><\/h4><\/div><div class=\"fusion-text fusion-text-1 fusion-animated\" style=\"--awb-content-alignment:justify;\" data-animationType=\"fadeInLeft\" data-animationDuration=\"1.6\" data-animationDelay=\"0.4\" data-animationOffset=\"top-into-view\"><p>El\u00a0<strong>Comit\u00e9 de Participaci\u00f3n Ciudadana de Michoac\u00e1n (CPC Michoac\u00e1n)<\/strong>\u00a0es un \u00f3rgano ciudadano aut\u00f3nomo encargado de promover la participaci\u00f3n de la sociedad en la toma de decisiones y en la vigilancia de las acciones del gobierno en el estado de Michoac\u00e1n, M\u00e9xico. Este comit\u00e9 forma parte de los mecanismos de transparencia y rendici\u00f3n de cuentas establecidos en el marco de la Ley General de Transparencia y Acceso a la Informaci\u00f3n P\u00fablica.<\/p>\n<\/div><\/div><\/div><div class=\"fusion-layout-column fusion_builder_column fusion-builder-column-2 fusion_builder_column_2_5 2_5 fusion-flex-column fusion-animated\" style=\"--awb-padding-top:30px;--awb-padding-right:30px;--awb-padding-bottom:110px;--awb-padding-left:30px;--awb-bg-image:linear-gradient(180deg, rgba(245,247,254,0.85) 0%,rgba(245,247,254,0.85) 100%);;--awb-bg-position:center center;--awb-bg-size:cover;--awb-width-large:40%;--awb-margin-top-large:0px;--awb-spacing-right-large:4.8%;--awb-margin-bottom-large:0px;--awb-spacing-left-large:4.8%;--awb-width-medium:40%;--awb-order-medium:0;--awb-spacing-right-medium:4.8%;--awb-spacing-left-medium:4.8%;--awb-width-small:100%;--awb-order-small:0;--awb-spacing-right-small:1.92%;--awb-spacing-left-small:1.92%;\" data-animationType=\"fadeInRight\" data-animationDuration=\"1.6\" data-animationDelay=\"0.4\" data-animationOffset=\"top-into-view\" data-scroll-devices=\"small-visibility,medium-visibility,large-visibility\"><div class=\"fusion-column-wrapper lazyload fusion-column-has-shadow fusion-flex-justify-content-flex-start fusion-content-layout-column fusion-column-has-bg-image\" data-bg-url=\"http:\/\/cpcmichoacan.org\/wp-content\/uploads\/2025\/03\/michoacan-silueta.jpg\" data-bg=\"http:\/\/cpcmichoacan.org\/wp-content\/uploads\/2025\/03\/michoacan-silueta.jpg\" data-bg-gradient=\"linear-gradient(180deg, rgba(245,247,254,0.85) 0%,rgba(245,247,254,0.85) 100%)\"><div class=\"fusion-image-element \" style=\"text-align:center;--awb-caption-title-font-family:var(--h2_typography-font-family);--awb-caption-title-font-weight:var(--h2_typography-font-weight);--awb-caption-title-font-style:var(--h2_typography-font-style);--awb-caption-title-size:var(--h2_typography-font-size);--awb-caption-title-transform:var(--h2_typography-text-transform);--awb-caption-title-line-height:var(--h2_typography-line-height);--awb-caption-title-letter-spacing:var(--h2_typography-letter-spacing);\"><span class=\" fusion-imageframe imageframe-none imageframe-1 hover-type-none\"><img decoding=\"async\" width=\"304\" height=\"304\" title=\"logo__informe_2024.png\" src=\"https:\/\/cpcmichoacan.org\/wp-content\/uploads\/2025\/03\/logo__informe_2024.png.webp\" data-orig-src=\"http:\/\/cpcmichoacan.org\/wp-content\/uploads\/2025\/03\/logo__informe_2024.png.webp\" alt class=\"lazyload img-responsive wp-image-3418\" srcset=\"data:image\/svg+xml,%3Csvg%20xmlns%3D%27http%3A%2F%2Fwww.w3.org%2F2000%2Fsvg%27%20width%3D%27304%27%20height%3D%27304%27%20viewBox%3D%270%200%20304%20304%27%3E%3Crect%20width%3D%27304%27%20height%3D%27304%27%20fill-opacity%3D%220%22%2F%3E%3C%2Fsvg%3E\" data-srcset=\"https:\/\/cpcmichoacan.org\/wp-content\/uploads\/2025\/03\/logo__informe_2024.png-200x200.webp 200w, https:\/\/cpcmichoacan.org\/wp-content\/uploads\/2025\/03\/logo__informe_2024.png.webp 304w\" data-sizes=\"auto\" data-orig-sizes=\"(max-width: 800px) 100vw, 304px\" \/><\/span><\/div><div class=\"fusion-builder-row fusion-builder-row-inner fusion-row fusion-flex-align-items-flex-start fusion-flex-content-wrap\" style=\"--awb-flex-grow:0;--awb-flex-grow-medium:0;--awb-flex-grow-small:0;--awb-flex-shrink:0;--awb-flex-shrink-medium:0;--awb-flex-shrink-small:0;width:104% !important;max-width:104% !important;margin-left: calc(-4% \/ 2 );margin-right: calc(-4% \/ 2 );\"><div class=\"fusion-layout-column fusion_builder_column_inner fusion-builder-nested-column-0 fusion_builder_column_inner_1_1 1_1 fusion-flex-column\" style=\"--awb-bg-size:cover;--awb-width-large:100%;--awb-margin-top-large:0px;--awb-spacing-right-large:1.92%;--awb-margin-bottom-large:0px;--awb-spacing-left-large:1.92%;--awb-width-medium:100%;--awb-order-medium:0;--awb-spacing-right-medium:1.92%;--awb-spacing-left-medium:1.92%;--awb-width-small:100%;--awb-order-small:0;--awb-spacing-right-small:1.92%;--awb-spacing-left-small:1.92%;\"><div class=\"fusion-column-wrapper fusion-column-has-shadow fusion-flex-justify-content-flex-start fusion-content-layout-column\"><div class=\"fusion-title title fusion-title-2 fusion-sep-none fusion-title-center fusion-title-text fusion-title-size-div\" style=\"--awb-text-color:var(--awb-color5);--awb-margin-top:0px;--awb-margin-bottom:0px;--awb-margin-top-small:10px;--awb-margin-right-small:0px;--awb-margin-bottom-small:10px;--awb-margin-left-small:0px;--awb-font-size:var(--awb-custom_typography_2-font-size);\"><div class=\"fusion-title-heading title-heading-center title-heading-tag\" style=\"font-family:var(--awb-custom_typography_2-font-family);font-weight:var(--awb-custom_typography_2-font-weight);font-style:var(--awb-custom_typography_2-font-style);margin:0;letter-spacing:var(--awb-custom_typography_2-letter-spacing);text-transform:var(--awb-custom_typography_2-text-transform);font-size:1em;line-height:var(--awb-custom_typography_2-line-height);\">2025<\/div><\/div><\/div><\/div><\/div><\/div><\/div><div class=\"fusion-layout-column fusion_builder_column fusion-builder-column-3 fusion_builder_column_1_1 1_1 fusion-flex-column\" style=\"--awb-bg-size:cover;--awb-width-large:100%;--awb-margin-top-large:0px;--awb-spacing-right-large:1.92%;--awb-margin-bottom-large:0px;--awb-spacing-left-large:1.92%;--awb-width-medium:100%;--awb-order-medium:0;--awb-spacing-right-medium:1.92%;--awb-spacing-left-medium:1.92%;--awb-width-small:100%;--awb-order-small:0;--awb-spacing-right-small:1.92%;--awb-spacing-left-small:1.92%;\"><div class=\"fusion-column-wrapper fusion-column-has-shadow fusion-flex-justify-content-flex-start fusion-content-layout-column\"><div class=\"fusion-text fusion-text-2 fusion-animated\" data-animationType=\"fadeInLeft\" data-animationDuration=\"1.3\" data-animationDelay=\"0.3\" data-animationOffset=\"top-into-view\"><h3><span style=\"color: #3366ff;\">Funciones principales del CPC Michoac\u00e1n:<\/span><\/h3>\n<\/div><div class=\"fusion-text fusion-text-3 fusion-animated\" style=\"--awb-content-alignment:justify;\" data-animationType=\"fadeInLeft\" data-animationDuration=\"1.6\" data-animationDelay=\"0.4\" data-animationOffset=\"top-into-view\"><ol start=\"1\">\n<li><strong>Promover la participaci\u00f3n ciudadana<\/strong>: Fomenta que la sociedad se involucre en los asuntos p\u00fablicos y en la vigilancia de las acciones gubernamentales.<\/li>\n<li><strong>Vigilar la transparencia<\/strong>: Supervisa que las instituciones p\u00fablicas cumplan con las obligaciones de transparencia y acceso a la informaci\u00f3n.<\/li>\n<li><strong>Fortalecer la rendici\u00f3n de cuentas<\/strong>: Contribuye a que los servidores p\u00fablicos rindan cuentas de manera clara y oportuna.<\/li>\n<li><strong>Impulsar la contralor\u00eda social<\/strong>: Apoya a los ciudadanos para que ejerzan un papel activo en la supervisi\u00f3n de los recursos p\u00fablicos y las pol\u00edticas gubernamentales.<\/li>\n<li><strong>Colaborar con otros \u00f3rganos<\/strong>: Trabaja en conjunto con instituciones como el Instituto Michoacano de Transparencia, Acceso a la Informaci\u00f3n y Protecci\u00f3n de Datos Personales (IMAIP) para garantizar el cumplimiento de las normas en materia de transparencia.<\/li>\n<\/ol>\n<\/div><\/div><\/div><\/div><\/div>\n","protected":false},"excerpt":{"rendered":"","protected":false},"author":1,"featured_media":0,"parent":0,"menu_order":0,"comment_status":"closed","ping_status":"closed","template":"100-width.php","meta":{"footnotes":""},"class_list":["post-1431","page","type-page","status-publish","hentry"],"_links":{"self":[{"href":"https:\/\/cpcmichoacan.org\/index.php\/wp-json\/wp\/v2\/pages\/1431","targetHints":{"allow":["GET"]}}],"collection":[{"href":"https:\/\/cpcmichoacan.org\/index.php\/wp-json\/wp\/v2\/pages"}],"about":[{"href":"https:\/\/cpcmichoacan.org\/index.php\/wp-json\/wp\/v2\/types\/page"}],"author":[{"embeddable":true,"href":"https:\/\/cpcmichoacan.org\/index.php\/wp-json\/wp\/v2\/users\/1"}],"replies":[{"embeddable":true,"href":"https:\/\/cpcmichoacan.org\/index.php\/wp-json\/wp\/v2\/comments?post=1431"}],"version-history":[{"count":18,"href":"https:\/\/cpcmichoacan.org\/index.php\/wp-json\/wp\/v2\/pages\/1431\/revisions"}],"predecessor-version":[{"id":3666,"href":"https:\/\/cpcmichoacan.org\/index.php\/wp-json\/wp\/v2\/pages\/1431\/revisions\/3666"}],"wp:attachment":[{"href":"https:\/\/cpcmichoacan.org\/index.php\/wp-json\/wp\/v2\/media?parent=1431"}],"curies":[{"name":"wp","href":"https:\/\/api.w.org\/{rel}","templated":true}]}}